rime factors of 6407.
43, 149
What are the prime factors of 96?
2, 3
What are the prime factors of 986?
2, 17, 29
List the prime factors of 42618.
2, 3, 7103
What are the prime factors of 18306?
2, 3, 113
List the prime factors of 881.
881
List the prime factors of 22783.
22783
What are the prime factors of 262?
2, 131
List the prime factors of 24944.
2, 1559
What are the prime factors of 976?
2, 61
List the prime factors of 11849.
17, 41
What are the prime factors of 10455?
3, 5, 17, 41
List the prime factors of 1709.
1709
What are the prime factors of 28843?
28843
What are the prime factors of 93801?
3, 31267
List the prime factors of 647.
647
List the prime factors of 2672.
2, 167
List the prime factors of 31690.
2, 5, 3169
What are the prime factors of 47521?
47521
List the prime factors of 342.
2, 3, 19
List the prime factors of 1554.
2, 3, 7, 37
List the prime factors of 529.
23
List the prime factors of 55106.
2, 59, 467
List the prime factors of 3815.
5, 7, 109
What are the prime factors of 36079?
109, 331
List the prime factors of 4255.
5, 23, 37
List the prime factors of 1508.
2, 13, 29
List the prime factors of 633.
3, 211
List the prime factors of 13567.
13567
List the prime factors of 11945.
5, 2389
List the prime factors of 11926.
2, 67, 89
List the prime factors of 13244.
2, 7, 11, 43
What are the prime factors of 52624?
2, 11, 13, 23
List the prime factors of 53034.
2, 3, 8839
What are the prime factors of 39631?
39631
What are the prime factors of 8961?
3, 29, 103
What are the prime factors of 131900?
2, 5, 1319
List the prime factors of 16923.
3, 5641
What are the prime factors of 12238?
2, 29, 211
What are the prime factors of 43951?
43951
What are the prime factors of 10803?
3, 13, 277
List the prime factors of 3063.
3, 1021
List the prime factors of 4369.
17, 257
List the prime factors of 8352.
2, 3, 29
What are the prime factors of 5741?
5741
What are the prime factors of 197432?
2, 23, 29, 37
What are the prime factors of 6284?
2, 1571
List the prime factors of 446.
2, 223
What are the prime factors of 14766?
2, 3, 23, 107
What are the prime factors of 1123?
1123
List the prime factors of 5249.
29, 181
List the prime factors of 1898.
2, 13, 73
List the prime factors of 5216.
2, 163
What are the prime factors of 36232?
2, 7, 647
What are the prime factors of 3114?
2, 3, 173
What are the prime factors of 11175?
3, 5, 149
What are the prime factors of 59239?
59239
List the prime factors of 904.
2, 113
List the prime factors of 25779.
3, 13, 661
List the prime factors of 50842.
2, 11, 2311
List the prime factors of 1403.
23, 61
List the prime factors of 900.
2, 3, 5
What are the prime factors of 488?
2, 61
What are the prime factors of 359?
359
List the prime factors of 21969.
3, 2441
List the prime factors of 23298.
2, 3, 11, 353
List the prime factors of 16451.
16451
What are the prime factors of 2824?
2, 353
List the prime factors of 50522.
2, 25261
List the prime factors of 509.
509
What are the prime factors of 9094?
2, 4547
What are the prime factors of 96892?
2, 24223
What are the prime factors of 6776?
2, 7, 11
List the prime factors of 817.
19, 43
What are the prime factors of 3040?
2, 5, 19
List the prime factors of 3830.
2, 5, 383
What are the prime factors of 10495?
5, 2099
What are the prime factors of 636?
2, 3, 53
List the prime factors of 47439.
3, 7, 251
What are the prime factors of 44743?
101, 443
What are the prime factors of 4529?
7, 647
What are the prime factors of 13509?
3, 19, 79
List the prime factors of 2687.
2687
List the prime factors of 25401.
3, 8467
List the prime factors of 1222.
2, 13, 47
What are the prime factors of 8288?
2, 7, 37
List the prime factors of 28466.
2, 43, 331
What are the prime factors of 11491?
11491
What are the prime factors of 2082?
2, 3, 347
List the prime factors of 651.
3, 7, 31
What are the prime factors of 46063?
73, 631
What are the prime factors of 313?
313
List the prime factors of 16519.
16519
List the prime factors of 2453.
11, 223
List the prime factors of 114215.
5, 53, 431
List the prime factors of 64684.
2, 103, 157
What are the prime factors of 1265?
5, 11, 23
What are the prime factors of 53426?
2, 26713
List the prime factors of 11699.
11699
What are the prime factors of 113?
113
What are the prime factors of 5226?
2, 3, 13, 67
What are the prime factors of 3880?
2, 5, 97
What are the prime factors of 6084?
2, 3, 13
What are the prime factors of 871?
13, 67
List the prime factors of 24839.
59, 421
List the prime factors of 15273.
3, 1697
List the prime factors of 8392.
2, 1049
What are the prime factors of 94304?
2, 7, 421
List the prime factors of 115731.
3, 7, 11, 167
What are the prime factors of 26663?
7, 13, 293
What are the prime factors of 23830?
2, 5, 2383
List the prime factors of 56578.
2, 28289
What are the prime factors of 6704?
2, 419
What are the prime factors of 6379?
6379
List the prime factors of 4809.
3, 7, 229
What are the prime factors of 98924?
2, 7, 3533
What are the prime factors of 21573?
3, 17, 47
List the prime factors of 2864.
2, 179
List the prime factors of 1732.
2, 433
What are the prime factors of 11620?
2, 5, 7, 83
List the prime factors of 8719.
8719
What are the prime factors of 840?
2, 3, 5, 7
List the prime factors of 323.
17, 19
What are the prime factors of 40859?
7, 13, 449
List the prime factors of 37455.
3, 5, 11, 227
List the prime factors of 1785.
3, 5, 7, 17
What are the prime factors of 3183?
3, 1061
List the prime factors of 23847.
3, 7949
What are the prime factors of 690?
2, 3, 5, 23
List the prime factors of 1907.
1907
What are the prime factors of 5761?
7, 823
What are the prime factors of 6248?
2, 11, 71
What are the prime factors of 32040?
2, 3, 5, 89
List the prime factors of 7939.
17, 467
List the prime factors of 65743.
29, 2267
List the prime factors of 19931.
19, 1049
What are the prime factors of 5034?
2, 3, 839
List the prime factors of 11674.
2, 13, 449
List the prime factors of 2303.
7, 47
List the prime factors of 6677.
11, 607
What are the prime factors of 786?
2, 3, 131
List the prime factors of 5527.
5527
List the prime factors of 11063.
13, 23, 37
What are the prime factors of 13329?
3, 1481
What are the prime factors of 11081?
7, 1583
List the prime factors of 2207.
2207
What are the prime factors of 8061?
3, 2687
What are the prime factors of 16939?
13, 1303
List the prime factors of 28240.
2, 5, 353
What are the prime factors of 304?
2, 19
List the prime factors of 29021.
29021
What are the prime factors of 2196?
2, 3, 61
What are the prime factors of 824?
2, 103
What are the prime factors of 67485?
3, 5, 11, 409
List the prime factors of 2107.
7, 43
What are the prime factors of 29819?
29819
List the prime factors of 4962.
2, 3, 827
What are the prime factors of 50796?
2, 3, 17, 83
List the prime factors of 9246.
2, 3, 23, 67
What are the prime factors of 179075?
5, 13, 19, 29
List the prime factors of 39522.
2, 3, 7, 941
What are the prime factors of 746?
2, 373
List the prime factors of 4618.
2, 2309
List the prime factors of 74229.
3, 109, 227
What are the prime factors of 32414?
2, 19, 853
What are the prime factors of 134177?
134177
List the prime factors of 7742.
2, 7, 79
List the prime factors of 1441.
11, 131
What are the prime factors of 24760?
2, 5, 619
What are the prime factors of 32101?
47, 683
List the prime factors of 18322.
2, 9161
What are the prime factors of 6517?
7, 19
List the prime factors of 6506.
2, 3253
List the prime factors of 46627.
7, 6661
List the prime factors of 5306.
2, 7, 379
List the prime factors of 19860.
2, 3, 5, 331
What are the prime factors of 149?
149
What are the prime factors of 23046?
2, 3, 23, 167
List the prime factors of 6452.
2, 1613
List the prime factors of 13601.
7, 29, 67
List the prime factors of 22699.
22699
What are the prime factors of 10644?
2, 3, 887
List the prime factors of 8950.
2, 5, 179
What are the prime factors of 9971?
13, 59
List the prime factors of 48019.
31, 1549
List the prime factors of 3134.
2, 1567
List the prime factors of 2826.
2, 3, 157
List the prime factors of 928.
2, 29
What are the prime factors of 5624?
2, 19, 37
What are the prime factors of 39118?
2, 19559
What are the prime factors of 98?
2, 7
Wh